{"id":126,"date":"2017-06-27T14:14:47","date_gmt":"2017-06-27T14:14:47","guid":{"rendered":"http:\/\/healingroomskatwijkeo.nl\/?page_id=126"},"modified":"2017-07-25T18:31:18","modified_gmt":"2017-07-25T18:31:18","slug":"gezond-zelfbeeld-extra","status":"publish","type":"page","link":"http:\/\/healingroomskatwijkeo.nl\/?page_id=126","title":{"rendered":"GEZOND ZELFBEELD EXTRA"},"content":{"rendered":"<p><span style=\"color: #2b2b2b;\"><span style=\"font-size: medium;\">In\u00a0ons land\u00a0wordt ieder mens geregistreerd. Daarbij worden\u00a0een aantal gegevens vastgelegd. Zo\u00a0ontstaat een unieke beschrijving. Slechts \u00e9\u00e9n mens zal aan die beschrijving voldoen. Het zijn je voornaam (misschien hebben je ouders God gebeden voor een goede naam), je achternaam,\u00a0je geslacht, je geboortedatum en geboorteplaats, je moeder en vader en je nationaliteit. Vroeger werd in Nederland ook nog de kerk waar je ouders toe hoorde vastgelegd. Alles bij elkaar je formele persoonlijke identiteit.\u00a0<\/span><\/span><\/p>\n<p><span style=\"color: #2b2b2b;\"><span style=\"font-size: medium;\">In ons land vindt men ook nog andere zaken\u00a0van belang. Of je immigrant bent bijvoorbeeld en uit welk land dan wel,\u00a0en tot welke leeftijdsgroep of generatie je behoort. En verder vindt men\u00a0je opleiding, je baan of bedrijf als je die bezit belangrijk. Ook\u00a0je afkomst, het feit dat je de man of vrouw bent van iemand, dat je kinderen hebt of dat je in een bepaalde stad, dorp of buurt woont, van belang.<\/span><\/span><\/p>\n<p><span style=\"font-size: medium;\"><b><span style=\"color: #2b2b2b;\">Geestelijke identiteit<br \/>\n<\/span><\/b><\/span><span style=\"color: #2b2b2b;\"><span style=\"font-size: medium;\">In de bijbel wordt enkele tientallen keren vertelt wie je bent als je vertrouwt op Jezus. Dat is vooral terug te vinden in de brieven van Paulus. In de bijbel staan deze teksten meestal in de meervoud vorm. Hieronder staan\u00a0er enkelen\u00a0geschreven in de \u201cik\u201d vorm.<\/span><\/span><\/p>\n<p><span style=\"color: #2b2b2b;\"><span style=\"font-size: medium;\">Enkelen gaan over hoe God tegen ons aan kijkt zoals 2 Kor 5: 17. \u2018Ik ben een nieuwe schepping\u2019. Efeze 4:24 \u2018Ik ben rechtvaardig en heilig\u2019. Efeze 1:1, Kor.1:2, Fil 1:1 en Kol 1:2 \u2018Ik ben een heilige\u2019. Kolossenzen 3:12 en 1 Tess.1:4 \u2018Ik ben door God uitverkoren, heilig en bemind\u2019.<\/span><\/span><\/p>\n<p><span style=\"color: #2b2b2b;\"><span style=\"font-size: medium;\">Anderen gaan over de relatie die we met God hebben als gelovigen zoals Johannes 1:12 \u2018Ik ben een kind van God\u2019. Romeinen 8:14,15 en Galaten 4:6 \u2018Ik ben een zoon van God; God is geestelijk mijn Vader\u2019. Efeze 2:19 \u2018Ik ben een medeburger en huisgenoot van God\u2019. Johannes 15:15: \u2018Ik ben een rank van de ware wijnstok\u2019.<\/span><\/span><\/p>\n<p><span style=\"color: #2b2b2b;\"><span style=\"font-size: medium;\">Een derde categorie gaat erover wat we zullen uitwerken in deze wereld zoals Matthe\u00fcs 5:13-14 \u2018Ik ben het zout der aarde en het licht der wereld. Johannes 15:16 \u2018Ik ben door Christus uitgekozen en aangewezen om voor Hem vrucht te dragen\u2019. 2 Korinti\u00ebrs 5:18 en 19 \u2018Ik ben verzoend met God; Hij heeft mij de bediening der verzoening gegeven\u2019.<\/span><\/span><\/p>\n<p><span style=\"color: #2b2b2b;\"><span style=\"font-size: medium;\">Mooi om deze teksten hardop uit te spreken en in je hart te laten zakken. Zo kun je ze gebruiken tot opbouw van je geloof.<\/span><\/span><\/p>\n<p>&nbsp;<\/p>\n<p>&nbsp;<\/p>\n<p><img decoding=\"async\" loading=\"lazy\" class=\"size-medium wp-image-127 alignleft\" src=\"http:\/\/healingroomskatwijkeo.nl\/wp-content\/uploads\/2017\/06\/4-300x169.png\" alt=\"\" width=\"300\" height=\"169\" srcset=\"http:\/\/healingroomskatwijkeo.nl\/wp-content\/uploads\/2017\/06\/4-300x169.png 300w, http:\/\/healingroomskatwijkeo.nl\/wp-content\/uploads\/2017\/06\/4-768x432.png 768w, http:\/\/healingroomskatwijkeo.nl\/wp-content\/uploads\/2017\/06\/4-700x394.png 700w, http:\/\/healingroomskatwijkeo.nl\/wp-content\/uploads\/2017\/06\/4.png 1920w\" sizes=\"(max-width: 300px) 100vw, 300px\" \/><\/p>\n<p>&nbsp;<\/p>\n<p>&nbsp;<\/p>\n<p><b style=\"font-size: medium;\"><span style=\"color: #2b2b2b;\">Als je geestelijke identiteit groeit wordt het andere minder belangrijk<\/span><\/b><\/p>\n<p><span style=\"color: #2b2b2b; font-size: medium;\"><b>\u00a0<\/b><\/span><\/p>\n<p>&nbsp;<\/p>\n<p><span style=\"color: #2b2b2b;\"><span style=\"font-size: medium;\">Familie, opleiding, beroep, een baan, een missie, man\/vrouw, kinderen geven mensen een gevoel van eigenwaarde. Voor de apostel Paulus gold dat niet meer. Filippenzen 3: 5-8 \u2018\u2026 besneden ten achtsten dage, uit het volk Isra\u00ebl, van de stam Benjamin, een Hebree\u00ebr uit de Hebree\u00ebn, naar de wet een Farizee\u00ebr naar mijn ijver een vervolger van de gemeente, naar de gerechtigheid der wet onberispelijk. Maar alles wat mij winst was, heb ik om Christus\u2019 wil schade (drek) geacht\u2019 (NBG vertaling).<\/span><\/span><\/p>\n<p><span style=\"color: #2b2b2b;\"><span style=\"font-size: medium;\">Ook andere identiteitszaken verdwijnen naar de achtergrond. Galaten 3: 27 en 28 \u2018Want gij allen, die in Christus gedoopt zijt, hebt u met Christus bekleed. Hierbij is geen sprake van Jood of Griek, van slaaf of vrije, van mannelijk en vrouwelijk: gij allen zijt immers \u00e9\u00e9n in Christus Jezus\u2019. In een kerk of gemeente, die \u2018in Christus\u2019 is, verdwijnen de menselijke identiteitszaken dan ook naar de achtergrond.<\/span><\/span><\/p>\n<p><span style=\"font-size: medium;\"><b><span style=\"color: #2b2b2b;\">Wie jij bent volgens\u00a0Jezus<br \/>\n<\/span><\/b><\/span><span style=\"color: #2b2b2b;\"><span style=\"font-size: medium;\">Jezus wil graag dat we <\/span><\/span><span style=\"color: #2b2b2b;\"><span style=\"font-size: medium;\">H<\/span><\/span><span style=\"color: #2b2b2b;\"><span style=\"font-size: medium;\">em volgen en doen wat Hij ons opdraagt. We maken ons dan steeds minder druk over wie we zijn en wat we doen. Als we maar achter Jezus blijven gaan. Maar in principe is het\u00a0ook een kant van wie <\/span><\/span><span style=\"color: #2b2b2b;\"><span style=\"font-size: medium;\">w<\/span><\/span><span style=\"color: #2b2b2b;\"><span style=\"font-size: medium;\">e zijn.<\/span><\/span><\/p>\n<p><span style=\"color: #2b2b2b;\"><span style=\"font-size: medium;\">Essentieel is dan dat we goed kunnen luisteren naar wat Jezus ( de Goede Herder) zegt\u00a0en dat kunnen de schapen. In Johannes 10: 27 staat: \u2018Mijn schapen luisteren naar Mijn stem, Ik ken ze en zij volgen Mij\u2019. De schapen maken zich niet druk of ze wel van waarde zijn of wat hun capaciteiten zijn, het is gewoon de Herder\/Meester die ze volgen. De schapen houden herder Jezus in beeld. En de herder leidt de schapen van de \u00e9\u00e9n naar de andere weide.<\/span><\/span><\/p>\n<p><span style=\"color: #2b2b2b;\"><span style=\"font-size: medium;\">Dat luisteren leidt ons tot de volgende stap, namelijk gewoon doen waartoe Jezus ons leidt. Ook al zijn dat stappen, die we eerst voor onmogelijk hadden gehouden.\u00a0Johannes 15:7 \u2018Als jullie in Mij blijven en Mijn woorden in jullie, kun je vragen wat je wilt en het zal gebeuren (HSV)\u2019. Deze tekst heeft vier onderdelen:<\/span><\/span><\/p>\n<ol>\n<li><span style=\"color: #2b2b2b;\"><span style=\"font-size: medium;\">Als jullie in Mij blijven: dat is een bekend thema in het NT, hieronder meer.<\/span><\/span><\/li>\n<li><span style=\"color: #2b2b2b;\"><span style=\"font-size: medium;\">en Mijn woorden in jullie,: dat is wat de Heer heeft gezegd, maar misschien vooral ook naar wat Hij nu in een bepaalde situatie zegt.<\/span><\/span><\/li>\n<li><span style=\"color: #2b2b2b;\"><span style=\"font-size: medium;\">kun je vragen wat je wilt: volgens de Studiebijbel CVB kun je dit ook vertalen met \u201ckan je bidden wat je wilt\u201d. Wij kennen \u2018bidden\u2019 ook als de woorden van God uitspreken.<\/span><\/span><\/li>\n<li><span style=\"color: #2b2b2b;\"><span style=\"font-size: medium;\">en het zal gebeuren : dat is als God spreekt, het gebeurt dan ook.<\/span><\/span><\/li>\n<\/ol>\n<p><span style=\"color: #2b2b2b;\"><span style=\"font-size: medium;\">Wij zijn dan een instrument in Gods handen. We werken samen met Hem: Hij spreekt in ons en wij spreken het uit. Wij zijn dan een koninklijk priesterschap. Hoewel we ons zelf niet meer druk maken over wie we zijn, zal het voor anderen duidelijk zijn. Deze broeder is een echte apostel of deze zuster een ware profeet.<\/span><\/span><\/p>\n<p><span style=\"font-size: medium;\"><b><span style=\"color: #2b2b2b;\">Je plaats in de gemeente<br \/>\n<\/span><\/b><\/span><span style=\"color: #2b2b2b;\"><span style=\"font-size: medium;\">De apostel Paulus wijdt een belangrijk deel van zijn brief aan de gemeente van Korinte aan het onderwerp wie welke plek\u00a0in de gemeente heeft. Let op: ook hier niet wat je doet in de eerste plaats, maar wie je bent in de eerste plaats. In de vertalingen van de bijbel is dit onderwerp te vinden in 1 Korinti\u00ebrs 12. Goed om dit hele hoofdstuk te lezen.<\/span><\/span><\/p>\n<p><span style=\"color: #2b2b2b;\"><span style=\"font-size: medium;\">God heeft ons verschillend gemaakt. Iedereen heeft zijn eigen belangrijke functie in de gemeenschap. Paulus vergelijkt dat met een menselijk lichaam met haar diverse\u00a0onderdelen. Zo\u00a0zijn de\u00a0plekken voor mensen\u00a0in de gemeenschap ook heel divers. Maar\u00a0we hebben elkaar nodig. In de gemeenschap zijn geen hogere en lagere plekken. Om dit duidelijk te maken schrijft Paulus \u2018\u2026 juist die delen van het lichaam die het zwakst lijken zijn het meest noodzakelijk\u2019 (vers 22).<\/span><\/span><\/p>\n<p><span style=\"color: #2b2b2b;\"><span style=\"font-size: medium;\">De Heilige Geest geeft een bepaalde\u00a0plek aan jou, misschien later weer een andere plek. Stel je hebt\u00a0de taak van \u2018herder\u2019 voor de pastorale zorg. Dat ben je dan ook. Misschien heeft de leiding van\u00a0jouw kerk of gemeente dat ook ontdekt en ben je aangewezen voor de pastorale zorg. Maar ook als je in jouw kerk of gemeente niet bent aangewezen voor die taak ben je toch een \u2018herder\u2019 en zal God mensen op je pad brengen.<\/span><\/span><\/p>\n<p><span style=\"color: #2b2b2b;\"><span style=\"font-size: medium;\">Deze mooie principes van God kunnen we ook in de wereld\u00a0waarin we leven uitdragen. En dit kan ook onze insteek zijn in het functioneren in de maatschappij.<\/span><\/span><\/p>\n<p><span style=\"font-size: medium;\"><b><span style=\"color: #2b2b2b;\">Hoe weet je welke plek je heeft?<br \/>\n<\/span><\/b><\/span><span style=\"color: #2b2b2b;\"><span style=\"font-size: medium;\">Het is een taak voor leiders om je te <\/span><\/span><span style=\"color: #2b2b2b;\"><span style=\"font-size: medium;\">helpen je plek te vinden<\/span><\/span><span style=\"color: #2b2b2b;\"><span style=\"font-size: medium;\">. Het is goed om er ook zelf voor te bidden en na te denken. Een hulp om te bepalen is te bedenken wat je\u00a0leuk vindt om te doen en wat juist niet. En wat je gemakkelijk lukt\u00a0en wat juist moeilijk is.<\/span><\/span><\/p>\n<p><span style=\"color: #2b2b2b;\"><span style=\"font-size: medium;\">In de maatschappij is dat nog weer anders dan in de kerk. Als je jong bent en je zit op school, is je reken- en taalvaardigheid belangrijk. Als je gaat werken zijn dikwijls je sociale vaardigheden doorslaggevend, naast allerlei specifieke vaardigheden. Als je met pensioen gaat is van belang dat je kunt genieten van het leven.<\/span><\/span><\/p>\n<p><span style=\"color: #2b2b2b;\"><span style=\"font-size: medium;\">Het is ook goed om je te ontwikkelen. Dat is iets waar je aan kunt werken. En dat is iets wat de Geest van God ook in je werkt. Hij laat je groeien.<\/span><\/span><\/p>\n<p><span style=\"color: #2b2b2b;\">\u2018<span style=\"font-size: medium;\"><b>Zijn\u2019<br \/>\n<\/b><\/span><\/span><span style=\"color: #2b2b2b;\"><span style=\"font-size: medium;\">Leanne Payne schrijft in haar boek \u2018Herstel van identiteit\u2019 over \u2018zijn\u2019. Ze spreekt in een beeld van de herder en zijn schapen. Een schaap dat in evenwicht is kan gewoon op zijn gemak van de aanwezigheid van de herder en van de weide genieten. Niet meer veel doen omdat we denken dat we dan meer zijn, maar vooral genieten van het zijn.<\/span><\/span><\/p>\n<p><span style=\"color: #2b2b2b;\"><span style=\"font-size: medium;\">VRAGEN:<br \/>\n1. Noem tien dingen waarin\u00a0je het evenbeeld van\u00a0God bent.<br \/>\n2. Weet je wat \u2018in Christus zijn\u2019 betekent?<br \/>\n3.\u00a0Zou je ook weten wat je plek is in de gemeente?<br \/>\n4. Zit je ook op die plek?<\/span><\/span><\/p>\n<p><span style=\"color: #2b2b2b;\"><span style=\"font-size: medium;\">Het is ook goed om je te ontwikkelen. Dat is iets waar je aan kunt werken. En dat is iets wat de Geest van God ook in je werkt. Hij laat je groeien.<\/span><\/span><\/p>\n<p><img decoding=\"async\" loading=\"lazy\" class=\" wp-image-128 aligncenter\" src=\"http:\/\/healingroomskatwijkeo.nl\/wp-content\/uploads\/2017\/06\/5.png\" alt=\"\" width=\"330\" height=\"247\" \/><\/p>\n","protected":false},"excerpt":{"rendered":"<p>In\u00a0ons land\u00a0wordt ieder mens geregistreerd. Daarbij worden\u00a0een aantal gegevens vastgelegd. Zo\u00a0ontstaat een unieke beschrijving. Slechts \u00e9\u00e9n mens zal aan die beschrijving voldoen. Het zijn je voornaam (misschien hebben je ouders God gebeden voor een goede naam), je achternaam,\u00a0je geslacht, je geboortedatum en geboorteplaats, je moeder en vader en je nationaliteit. Vroeger werd in Nederland ook [&hellip;]<\/p>\n","protected":false},"author":1,"featured_media":0,"parent":75,"menu_order":0,"comment_status":"closed","ping_status":"closed","template":"","meta":{"footnotes":""},"_links":{"self":[{"href":"http:\/\/healingroomskatwijkeo.nl\/index.php?rest_route=\/wp\/v2\/pages\/126"}],"collection":[{"href":"http:\/\/healingroomskatwijkeo.nl\/index.php?rest_route=\/wp\/v2\/pages"}],"about":[{"href":"http:\/\/healingroomskatwijkeo.nl\/index.php?rest_route=\/wp\/v2\/types\/page"}],"author":[{"embeddable":true,"href":"http:\/\/healingroomskatwijkeo.nl\/index.php?rest_route=\/wp\/v2\/users\/1"}],"replies":[{"embeddable":true,"href":"http:\/\/healingroomskatwijkeo.nl\/index.php?rest_route=%2Fwp%2Fv2%2Fcomments&post=126"}],"version-history":[{"count":3,"href":"http:\/\/healingroomskatwijkeo.nl\/index.php?rest_route=\/wp\/v2\/pages\/126\/revisions"}],"predecessor-version":[{"id":160,"href":"http:\/\/healingroomskatwijkeo.nl\/index.php?rest_route=\/wp\/v2\/pages\/126\/revisions\/160"}],"up":[{"embeddable":true,"href":"http:\/\/healingroomskatwijkeo.nl\/index.php?rest_route=\/wp\/v2\/pages\/75"}],"wp:attachment":[{"href":"http:\/\/healingroomskatwijkeo.nl\/index.php?rest_route=%2Fwp%2Fv2%2Fmedia&parent=126"}],"curies":[{"name":"wp","href":"https:\/\/api.w.org\/{rel}","templated":true}]}}